2
Suppose 3*x - 3 + 9 = 0. Let j be (x - -1)*1 - 3. List the prime factors of j/(-2) + -4 - -14.
2, 3
Let p be (1/(-2))/(5/(-210)). Let y = 468 - 482. Let j = p - y. List the prime factors of j.
5, 7
Suppose -4*i - 10 + 54 = 0. Suppose 1617 = 22*b - i*b. What are the prime factors of b?
3, 7
What are the prime factors of ((-1026)/(-45))/((-20)/(-2250))?
3, 5, 19
Let i(v) = -7*v + 4 + 0 - 2. Let d be i(-6). Suppose -d = -3*f + f + 2*g, 2*f - 53 = 5*g. What are the prime factors of f?
19
List the prime factors of 9093*(-9 + (-65)/(-7)).
2, 3, 433
Let y(z) = z**3 + 21*z**2 + 18*z + 14. What are the prime factors of y(-16)?
2, 503
List the prime factors of (4 - 148/36) + (-104972)/(-126).
7, 17
Let u be 20/(-6)*(7 - 16). Let t be (-1)/3 + (-20)/u. Let x(y) = -28*y**3 - y. What are the prime factors of x(t)?
29
Let a = -57 + 61. Suppose 3*y + g - 51 = 0, y + a*y = 2*g + 96. List the prime factors of y.
2, 3
Suppose i = 2*i - 44. Let z be (-4)/(i/(-12) + 3). Suppose 4*j - 8 = 2*g + g, -3*j - 5*g + z = 0. What are the prime factors of j?
2
Suppose -1 = -2*d + 11. Let g(b) = -5*b**2 + 7 + 2 - 2*b**3 - d. List the prime factors of g(-4).
3, 17
Let g(l) = -3*l**3 - 4*l**2 + 9*l + 8. What are the prime factors of g(-4)?
2, 5
Suppose 0*b - 3*b - 102 = 0. Let d = 30 + b. What are the prime factors of d - 30*(-3 - -1)?
2, 7
Suppose -4*d = d - 5185. What are the prime factors of d?
17, 61
Let d(y) = -2*y**2 - 2*y - 2. Let i be d(-1). List the prime factors of (-160)/6*(i + (-8)/5).
2, 3
Suppose -69*v - 3240 = -71*v. Suppose -c + 10*c - v = 0. What are the prime factors of c?
2, 3, 5
List the prime factors of 71796/48 + 1/4.
2, 11, 17
Suppose 457 = 3*t - a, -6*t - 154 = -7*t + 2*a. What are the prime factors of t?
2, 19
Suppose -25 = -j + 6*j. Let y = 7 + j. List the prime factors of (3 - (y + -1)) + 7.
3
Let f(a) = a**3 + a**2 + 2*a + 24. Let x be (0/(-2))/((-12)/6). List the prime factors of f(x).
2, 3
Let m = 937 - 233. List the prime factors of m.
2, 11
Let f(g) = -33*g**3 - g**2 + g + 7. Let h(k) = 50*k**3 + k**2 - k - 10. Let x(u) = 7*f(u) + 5*h(u). List the prime factors of x(1).
2, 3
Let k be (-4)/(-14) - 108/(-63). Suppose v - 850 = -3*v + k*h, 5*v - 4*h = 1070. Suppose -2*y - v = -9*y. List the prime factors of y.
2, 3, 5
Let x(f) = -5*f**3 - 2*f**2 - 2*f + 4. Let s(b) = -9*b**3 - 5*b**2 - 4*b + 7. Let a(w) = 6*s(w) - 11*x(w). What are the prime factors of a(9)?
61
Let n(t) = -t**2 - t - 1. Let p be n(-1). Let k be ((p - -1) + 4)/(-2). What are the prime factors of (39 - -1)/(k + 4)?
2, 5
Suppose -a - 2459 = -5*m, -2*a - 804 = -4*m + 1162. List the prime factors of m.
2, 3, 41
What are the prime factors of (10/(40/(-3516)))/(-3)?
293
List the prime factors of (-521950)/(-99) + (-18)/81.
2, 659
Let r(t) = 10*t**2 + 42*t + 21. What are the prime factors of r(-9)?
3, 151
Let s be (27/(-18))/((-3)/(-14)). Let b = s + 10. Suppose -b*z + 37 = -56. What are the prime factors of z?
31
Suppose 3*c + 0*c - 3*k = 105, 4*k + 4 = 0. Suppose -c - 5 = -p. Let o = -7 + p. What are the prime factors of o?
2
Let i = 666 - 634. List the prime factors of i.
2
Let r(q) = q**3 + 23*q**2 - 39*q - 61. What are the prime factors of r(-20)?
19, 101
Let l(a) = a + 6. Let d be l(-3). Suppose -3 = -3*i + d. Suppose -5*o = -i*j - 66 - 3, -3*j - 6 = 0. List the prime factors of o.
13
Let q be ((-1)/(-1))/(2/14) + -2. Suppose -49 = -d + 2*x, -2*d + q*x = 2*x - 98. List the prime factors of d.
7
Let g = -916 - -948. What are the prime factors of g?
2
Let x be (-2)/(-3) + 102/9. Suppose 3*w - x*w + 207 = 0. List the prime factors of w.
23
Suppose 2*m = -2*s + 4 + 12, -18 = -2*s - 3*m. Suppose -5*r - s*r = -1122. List the prime factors of r.
2, 3, 17
Let n be (-6)/(-2) - (-6)/(-6). Suppose n*h - 4*h - 590 = -5*y, 455 = 4*y - 5*h. List the prime factors of y.
2, 3, 5
Suppose 2*m - 1016 = -b, 0 = -2*m - 2*b + 6*b + 1016. What are the prime factors of m?
2, 127
Suppose -4*u = -4*i + 9*i - 11617, -2*u + 11611 = 5*i. List the prime factors of i.
11, 211
Let o(g) = 24*g - 3. Suppose -3*v - 4*q + 26 = 0, 0*q + q = -v + 7. List the prime factors of o(v).
3, 5
Suppose 5*c + 176*n = 171*n + 26175, 3*n + 5231 = c. What are the prime factors of c?
2, 2617
Let w = 11 - -906. What are the prime factors of w?
7, 131
Let v = -1915 - -3064. What are the prime factors of v?
3, 383
Suppose -c + 2294 = 4*y - 24, -2893 = -5*y + c. What are the prime factors of y?
3, 193
Let v be (-992)/(-14) + (-3)/(-21). Let m = v + -59. What are the prime factors of m?
2, 3
Let p = 29 + -21. Suppose -5*g + 197 = 3*y, -4*y + 5*g = -p*y + 261. Let q = 103 - y. What are the prime factors of q?
3, 13
Let p be (0 - -3)*(-1034)/(-33). Suppose 0 = -2*z + 66 + p. What are the prime factors of z?
2, 5
Let y(z) = 64*z**3 - 6*z**2 + 14*z - 7. What are the prime factors of y(4)?
4049
Suppose 0 = 5*q - 4 - 11, -2*v - 3*q = -177. Let g = -45 + v. What are the prime factors of g?
3, 13
Let w(u) be the third derivative of u**5/60 - u**4/3 + 7*u**3/6 - 6*u**2. Let k be w(7). Suppose -h = -k*h - 17. What are the prime factors of h?
17
Suppose 2*w - 5*u = -w - 4, 0 = 2*w - 5*u + 6. Suppose -4*j - 352 = -3*s, -2*s - 5*j = w*s - 490. What are the prime factors of s?
2, 3, 5
Suppose -5*k - 2704 = -3*t, -2113 = -4*t - k + 1477. List the prime factors of t.
2, 449
Suppose -23*b = -18*b - 25. Suppose b*o = 18*o - 234. List the prime factors of o.
2, 3
Suppose -2 = -3*t + 4. Suppose -y + 5 = -t*r, r + 17 = 2*y + 4*r. Let i(n) = 2*n - 9. List the prime factors of i(y).
5
Let m be -3*1 + (-450)/(-25). Let t(a) = -2*a**2 + 41*a - 15. List the prime factors of t(m).
2, 3, 5
Let o be 8/(-5*(-2)/5). Suppose 0 = -o*n + 8*n - 564. Let c = -84 + n. List the prime factors of c.
3, 19
Let r = 1969 - 1249. What are the prime factors of r?
2, 3, 5
Suppose -2*d + 130 = g, -d - 3*d - 5*g = -272. List the prime factors of d.
3, 7
Suppose 0 = 11*m - 431 + 13. Let y = m + 145. What are the prime factors of y?
3, 61
Suppose 0 = -5*a + 580 + 860. Suppose 0 = b + 3*b - a. What are the prime factors of b?
2, 3
Let n(f) = -f**3 + 19*f**2 - 16*f + 22. Let d be n(18). Suppose -4*s + 0*s + 256 = 4*o, -s = -5*o - d. What are the prime factors of s?
3, 7
Suppose 22*k = -18*k + 33040. List the prime factors of k.
2, 7, 59
Let b = 3955 - 2805. List the prime factors of b.
2, 5, 23
Suppose -2*t + 5 = -433. Suppose 0 = 2*p + 4*b + 78, -4*p + 5*b + 24 = t. Let i = 81 + p. What are the prime factors of i?
2, 3
Let f(b) = b**2 - 6*b + 2. Let i be f(6). Suppose -2*v + 4*x + 4 = 0, -v + i*v + 3*x + 18 = 0. List the prime factors of 15/(-10)*44/v.
11
Let k = -19 + 24. Suppose -3*d + 11 = -4*v, -4*d + d = -k*v - 10. Suppose 67 - d = 2*x. What are the prime factors of x?
31
Let u be (-1 - 2)*(-9 - 0). Let b = 45 - 7. Let y = b - u. What are the prime factors of y?
11
Let k = -531 - -1202. Suppose k = 8*h - 65. List the prime factors of h.
2, 23
Suppose 2*b = b + 533. Suppose -s = -y + 101, 5*y = -3*s + s + b. What are the prime factors of y?
3, 5, 7
Let t(a) be the third derivative of -a**6/120 - a**5/10 - a**4/24 - 15*a**2. What are the prime factors of t(-7)?
2, 7
Let y(h) = 7*h**3 - h - h**2 + 1 + 0*h**2 - 3*h**3 + 3*h**3. List the prime factors of y(1).
2, 3
Let c(p) be the first derivative of p**4/4 - 7*p**3/3 - 4*p**2 + 2*p + 2. Let v be ((-2)/3*24)/(-2). List the prime factors of c(v).
2
Suppose 0 = -81*g + 84*g + 315. Let m = g - -222. List the prime factors of m.
3, 13
Let k = 91 + -86. Let r(y) = 20*y - 2. What are the prime factors of r(k)?
2, 7
Suppose 0 = -25*j + 30992 + 10058. What are the prime factors of j?
2, 821
Suppose 0 = -4*h + 87 - 31. What are the prime factors of 3/(12/h)*18?
3, 7
Let o be 1060/8*(-18)/(-15). Let p be o - -3 - (4 + -5). Suppose 3*s - 3*b - p = -s, 2*b - 38 = -s. What are the prime factors of s?
2, 5
Let d = 51 + -47. Let u(s) = 9*s**2 - 15*s + 4. List the prime factors of u(d).
2, 11
Let r = -1 - -20. Suppose -3*y = -r + 7. Suppose 2*f = -4*j + 12, -5*f + y + 59 = -j. What are the prime factors of f?
2, 3
Suppose 577 + 1131 = 7*m. Let z = -163 + m. List the prime factors of z.
3
Let o = 3129 - 1468. Suppose 4*h - o = -5*w + h, -4*w + 5*h = -1314. What are the prime factors of w?
331
Let o = -22 - -25. Suppose o*j - 7 + 1 = 0. Let h = j - 